 = j. What is the units digit of l?
9
Let q(i) = i**2 - 3*i. Suppose 0 = 2*m - 2*c, -c = -2*m + 4*c - 12. Let x be q(m). Suppose -2*o + x = -0. What is the units digit of o?
2
Suppose 0*f - 12 = -3*f. Suppose f = -r + 17. What is the tens digit of r?
1
Let b(w) = -w**2 - 3*w + 3. Let y be b(-3). Let m(v) = 2*v**2 - 5*v + 4. Let z be m(y). Let n = -4 + z. What is the units digit of n?
3
Let a(f) = 8*f - 3. Let j be 34/8 + (-1)/4. What is the tens digit of a(j)?
2
Let a(z) = 5*z**3 + 2*z**2 + 2*z - 2. What is the units digit of a(2)?
0
Let i = 12 - 10. Suppose i*d - 10 = 38. What is the units digit of d?
4
Let u be 92 - (4 - 5 - -3). Suppose -2*l + 4*l = u. What is the units digit of l?
5
Suppose 0 = -4*t + 189 - 33. What is the tens digit of t?
3
Suppose -15*f = -17*f + 206. What is the units digit of f?
3
Let g(h) = h**3 + h - 30. Let c be g(0). Let k = -21 - c. What is the units digit of k?
9
What is the units digit of (462/7)/(-1 - -3)?
3
Let x = 22 + 45. What is the units digit of x?
7
Suppose -3*x + 100 = 2*x. Suppose -2*j + 3*h + x = 0, 0*j = -2*j - 4*h + 34. What is the units digit of j?
3
Let r(t) = 2*t. Let c be r(5). What is the tens digit of (-2)/(-10) + 248/c?
2
What is the tens digit of ((-70)/21)/(4/(-90))?
7
What is the units digit of (-6)/(-10)*(-10 - -225)?
9
Let q(d) = 18*d**3 - 1. Let c = 19 + -18. What is the units digit of q(c)?
7
Let a be (-3 - -5) + -30 - 2. What is the units digit of a/(3/(-1)) + 3?
3
Let n(b) = 7*b**2 + b - 1. Let d be n(1). Let a(q) be the third derivative of q**4/24 + q**3/6 - 2*q**2. What is the units digit of a(d)?
8
Let n = -55 + 20. Let k = -47 + 96. Let i = n + k. What is the tens digit of i?
1
Let a be (-28)/36 + 4/(-18). What is the units digit of 2 + -2 - a - 0?
1
Suppose -6*n = -12*n + 1476. What is the hundreds digit of n?
2
Suppose 3*f - 6*f = -9. Let k(x) = x**3 - x. Let z be k(-1). Suppose -2*a - 32 = -2*y - z*a, -f*y - a = -44. What is the tens digit of y?
1
Suppose 4*m = 103 - 7. Suppose 120 = -2*r + m. What is the units digit of (1/(-2))/(2/r)?
2
Suppose 4*t + 5*s = -4, -s - 3*s = -3*t + 28. Suppose 5*h = 3*r + r + 32, t*r = 3*h - 16. What is the units digit of h?
8
Let x(t) = t**3 + 6*t**2 + 2*t + 5. What is the units digit of x(-5)?
0
Suppose 0 = -2*b - 5 + 251. What is the tens digit of 16/(-24)*b/(-2)?
4
Let f = 29 + -21. What is the units digit of 1/(-4) - (-138)/f?
7
Let k = 56 + 16. What is the units digit of k?
2
Let j = 47 + 194. What is the hundreds digit of j?
2
Let k(o) = 11*o - 4. Let s be k(4). Suppose 0 = c - 4 - 0. Suppose s = r + c*r. What is the units digit of r?
8
Let m be 36/(-6)*2/(-4). Suppose -5*b + o - m*o = -32, 5*b = -o + 36. What is the units digit of b?
8
Let y(r) = 218*r - 4. What is the tens digit of y(1)?
1
Suppose 4*l + 960 = 4*u, -u - 5*l = -3*u + 486. What is the hundreds digit of u?
2
Let i(f) be the second derivative of -f**5/20 - f**4/6 + 7*f**3/6 + 5*f**2/2 + f. Let a(n) = 2*n**2 - 17*n + 4. Let o be a(8). What is the units digit of i(o)?
9
Suppose 4*p = 2*i + 104, 4*i + i + 140 = 5*p. What is the tens digit of p?
2
Suppose 0 = -65*v + 60*v + 1140. What is the units digit of v?
8
Let c(r) = 0*r**2 + 2*r + r + r**2 - 10 + 3. What is the units digit of c(-5)?
3
Let s(k) = k**3 - 2*k**2 - 7*k + 5. Let o be s(4). Let l = o - 5. Suppose 2 = -2*n + l. What is the units digit of n?
1
Let t be (-17 + -1)*(-87)/9. What is the units digit of (-1)/(-3) - t/(-18)?
0
Let v(u) = -4*u. Let p be v(-1). Suppose 5*k + 5 = 0, 2*y - p*k - 28 = -y. Suppose z - 4*j - y = -8*j, -13 = -2*z - 5*j. What is the units digit of z?
4
Suppose z = -5*o + 2*o + 7, -z = 5*o - 7. Suppose v = 3*y - 70 + 16, y - z = 4*v. What is the units digit of y?
9
Let u(p) = p**3 - 11*p**2 + 9*p + 13. Let f = -18 - -28. Let t be u(f). What is the units digit of t + 1 + -6 + 3?
1
Let d = -29 - -86. What is the units digit of d?
7
Suppose 0 = -4*d + 5*d - 25. Suppose 0 = 4*k - d - 23. What is the units digit of k?
2
Let f be (-27)/6*8/12. What is the units digit of (3 + 12/f)*-11?
1
Let z = -15 - -15. Suppose 3*j - 52 = -2*u, 0 = -4*j - 8*u + 4*u + 76. Suppose z*n - 2*n + j = 0. What is the units digit of n?
7
Let r be 3/2 - 28/(-8). Suppose r*c + 12 = 87. What is the tens digit of c?
1
Let z = 90 + -21. What is the units digit of z?
9
Let w(d) = d**3 + 5*d**2 - 10*d + 9. What is the units digit of w(-6)?
3
Let p = 25 + 3. What is the units digit of p?
8
Suppose 0 = 5*h - 4*h. Suppose -6*l + l - 15 = h, -3*i + 2*l + 48 = 0. What is the units digit of -1 + (1 - i*-1)?
4
Suppose -3*h - 92 = -5*h. What is the units digit of h?
6
Let d(j) = -j**2 - 6*j - 5. Let y(w) = -2 + w + 3 - 2*w + 0. Let r be y(5). What is the units digit of d(r)?
3
Let x = -3 - 1. Let r(k) = -k**3 - 2*k**2 + 4*k - 5. What is the units digit of r(x)?
1
Suppose 2*v - s = 5, v + v + 3*s - 25 = 0. Suppose 2*k = -5*j + 18, -k = -6*k - v*j + 60. What is the units digit of k?
4
Let x be (-12)/(-4) + 65 + 0. Let w = x - 40. What is the tens digit of w?
2
Let v be (66/(-10))/((-5)/25). Let n = -20 + v. Let z = n + -4. What is the units digit of z?
9
Let r be (-2 + 1 - 0) + 4. Suppose r*x - 2*x = -6. Let i(u) = -u**2 - 6*u + 5. What is the units digit of i(x)?
5
Suppose -68 = -3*m + 37. What is the tens digit of m?
3
Let n(o) = 77*o**3 + 2*o**2 - o - 1. What is the units digit of n(1)?
7
Suppose -4*u + 85 = -95. Suppose -5*n + u = -5*t, 4*t = 6*n - n - 40. Suppose 51 = n*d - 4*g + 9*g, -3*d + 33 = 2*g. What is the units digit of d?
9
Let k = 3 - 5. Let q = -5 - k. Let d(v) = -v**3 - 3*v**2 - 2*v - 4. What is the units digit of d(q)?
2
Suppose -3*z + 218 = -220. What is the tens digit of z?
4
Suppose 62 = -2*y + 4*y. What is the tens digit of y?
3
Suppose -35 = -5*r + 10. Suppose -2*q + q = -r. What is the units digit of (3/q)/((-3)/(-135))?
5
Let f be 1/(2*1/(-4)). Let p = 7 - f. What is the units digit of p?
9
Let x = 4 - 6. What is the tens digit of ((-8)/12)/(x/33)?
1
Let c be -2*3/6*-1. Let p = 1 + c. What is the units digit of p?
2
Let w(z) be the first derivative of -z**3/3 - 9*z**2/2 - z - 3. Let r be w(-10). Let b = r + 17. What is the units digit of b?
6
Suppose 0*g = 5*g - 95. What is the tens digit of g?
1
Let c(b) = 3*b**2 + 2*b + 1. Let s be c(-4). Suppose -3*u + 4*u - 5*n = s, 0 = 5*u + 3*n - 93. What is the units digit of u?
1
Let x(j) = 7*j - 12. What is the tens digit of x(7)?
3
Suppose -184 = -4*h - 72. What is the tens digit of h?
2
Let a be -1 + (1 - (-77)/1). Suppose -3*v + a = -4. Let q = -10 + v. What is the units digit of q?
7
What is the tens digit of -2 - -4 - (-33 + 0/(-5))?
3
What is the units digit of ((-86)/8)/(18/(-72))?
3
Suppose 0 = w - 5 + 4. What is the tens digit of (-17 + 0)/(w/(-1))?
1
Let x = -9 - -39. What is the units digit of x?
0
Let t(p) = -9*p - 16. What is the tens digit of t(-9)?
6
Let v = -11 - -13. What is the units digit of -4*v*2/(-4)?
4
Suppose 4*g + 13 = 49. What is the units digit of g?
9
Suppose 92 + 19 = 3*m + 3*b, 0 = -2*m - 4*b + 76. What is the units digit of m?
6
Suppose 6 = -2*q + 5*q. Let s(r) = 6*r**2 + 1. What is the units digit of s(q)?
5
Let s(v) = -3*v - 5. What is the units digit of s(-3)?
4
Suppose 52*t - 49*t = 651. What is the hundreds digit of t?
2
Let l = -83 + 118. Suppose z = 6*z - l. What is the units digit of z?
7
Let h = 43 + -28. Suppose -12*f = -h*f + 72. What is the units digit of f?
4
Let w be (1 - -1)/(-1 + 3). Let g be 4*(w + 3 + -3). Suppose 1 = -g*z + 53. What is the tens digit of z?
1
Suppose -7*z = 10*z - 442. What is the tens digit of z?
2
Suppose 4*h = -15*h + 1254. What is the tens digit of h?
6
Let y(x) = -8*x**2 + x**3 + 7*x**2 + 7 + 9*x**2. Let m(o) = o**3 - 6*o**2 + 7*o - 4. Let j be m(4). What is the units digit of y(j)?
7
Let k(m) = -m**3 + 5*m**2 + 7*m - 3. Let q = 16 - 10. What is the units digit of k(q)?
3
Let j(x) be the first derivative of x**2 - 8*x + 1. Let p be j(4). Let y = p - -16. What is the units digit of y?
6
Suppose -1 + 27 = 2*v. Let g = v - 6. What is the units digit of g?
7
Let x = 12 + -10. What is the tens digit of 17/2*4/x?
1
Let q(o) = -5*o + 1. Let i be q(-4). Let k = i + 12. What is the tens digit of k?
3
Suppose l - 166 = -11. What is the hundreds digit of l?
1
Let u(j) = j**2 - j - 4. Let s(m) = -m**3 + 7*m**2 + 